(13).
-2
Let y(v) = -12*v**3 - v**2 - 2*v - 2. Determine y(-1).
11
Let l(q) = 17*q - 16. Calculate l(2).
18
Let i(q) = 15*q**2 + 4*q - 1. Give i(1).
18
Let y(d) = d**3 + 5*d**2 + 3*d + 14. Determine y(-5).
-1
Let j(a) = 3*a**2 - 27*a + 12. Calculate j(9).
12
Let m(d) = 8*d**3 - 2*d**2 + 2*d - 1. What is m(1)?
7
Let c(u) = 22*u + 95. Calculate c(-3).
29
Let z(d) = -d**2 - 9*d - 15. Calculate z(-5).
5
Let v(h) = h**3 - 18*h**2 + 10*h + 16. Calculate v(17).
-103
Let u(o) = -22*o + 147. Give u(7).
-7
Let n(r) = -2*r**2 - 2*r + 1. Determine n(4).
-39
Let y(g) = -g - 4. What is y(7)?
-11
Let u(p) = -p**3 + 15*p**2 - 20*p - 84. Give u(13).
-6
Let u(p) = -7*p + 136. Give u(20).
-4
Let k(w) = 68*w**3 - 2*w**2 + 2*w - 1. Give k(1).
67
Let y(d) = d**2 + 16*d - 53. Give y(-21).
52
Let n(s) = -42*s + 679. Give n(16).
7
Let l(j) = -2*j + 21. Give l(11).
-1
Let i(o) = -33*o - 48. Determine i(-4).
84
Let l(v) = -7*v + 1. Calculate l(2).
-13
Let g(t) = 2*t**2 - 3. Give g(-3).
15
Let n(c) = -c**2 - 11*c + 57. Calculate n(-13).
31
Let b(i) = -9*i - 33. Give b(-4).
3
Let g(c) = c**3 - c**2 - 3*c + 2. Determine g(2).
0
Let w(h) = h**3 + 21*h**2 + 40*h + 29. Determine w(-19).
-9
Let w(u) = -20*u**3 + 3*u**2 - u - 1. What is w(1)?
-19
Let b(m) = -2*m**2 - 16*m - 4. Calculate b(-8).
-4
Let n(j) = j**3 - 26*j**2 - 26*j - 12. What is n(27)?
15
Let n(m) = -m**2 + 12*m - 19. What is n(9)?
8
Let y(u) = u**2 - 24*u + 18. Determine y(14).
-122
Let k(f) = -2*f + 45. What is k(6)?
33
Let z(u) = 2*u**2 - 49*u + 1. Calculate z(25).
26
Let l(r) = r**3 + 13*r**2 + 14*r - 13. What is l(-12)?
-37
Let p(x) = x**3 + 11*x**2 + 12*x + 1. Determine p(-10).
-19
Let q(p) = -75*p - 71. Calculate q(-1).
4
Let j(a) = a**2 + 12*a + 10. Calculate j(-11).
-1
Let x(p) = -p**3 + 10*p**2 - 10*p + 95. What is x(10)?
-5
Let y(h) = -6*h + 9. Determine y(2).
-3
Let j(q) = -2*q - 2. What is j(-9)?
16
Let o(i) = i**2 - 21*i - 16. Determine o(18).
-70
Let f(v) = 12*v - 14. What is f(1)?
-2
Let o(y) = y**2 + 17*y + 32. Give o(-17).
32
Let d(g) = 108*g - 447. Give d(4).
-15
Let m(h) = -h**3 - 32*h**2 + 141*h - 112. What is m(-36)?
-4
Let o(g) = -g**3 + 2*g**2 + 2*g - 3. Calculate o(2).
1
Let m(f) = -f**3 - 12*f**2 - 2*f - 23. Give m(-12).
1
Let c(d) = -d**2 - 10*d + 14. Determine c(-11).
3
Let c(y) = 5*y - 114. Calculate c(24).
6
Let y(m) = 13*m - 11. Give y(3).
28
Let c(v) = 9*v**2 + 6*v + 1. Calculate c(-1).
4
Let a(n) = -4*n**2 + 7*n - 15. What is a(6)?
-117
Let h(n) = n**3 - 18*n**2 + 45*n - 6. Calculate h(15).
-6
Let f(g) = g**2 - g. Give f(-1).
2
Let q(l) = l**3 - 10*l**2 + l - 9. Give q(10).
1
Let s(x) = -30*x**2 - 2*x + 1. Give s(1).
-31
Let x(k) = k**3 - 5*k**2 - 11*k - 2. Determine x(6).
-32
Let a(j) = j**3 + 8*j**2 - 12*j. What is a(-9)?
27
Let r(c) = c**3 - 28*c**2 - 32*c + 62. What is r(29)?
-25
Let k(j) = j**2 - 6*j + 2. What is k(8)?
18
Let m(s) = s**3 - 3*s**2 - 5*s - 4. Calculate m(4).
-8
Let l(f) = f**3 - 8*f**2 + 10. Give l(2).
-14
Let r(t) = -t**2 - 8*t - 24. Give r(-10).
-44
Let x(y) = y**2 - 29*y + 24. What is x(28)?
-4
Let m(a) = -a**3 - 8*a**2 + 6*a - 20. What is m(-9)?
7
Let r(p) = p**2 - 14*p + 14. What is r(13)?
1
Let j(d) = d**3 + 6*d**2 + 8. Calculate j(-6).
8
Let d(u) = -4*u - 25. Determine d(-25).
75
Let i(x) = -x**2 + 16*x - 30. Give i(14).
-2
Let f(o) = -o**3 + 5*o**2 - 3*o + 2. Give f(2).
8
Let l(x) = -16*x + 28. Give l(1).
12
Let u(j) = 3*j + 29. Determine u(-13).
-10
Let o(f) = -83*f**3 - f - 1. Give o(-1).
83
Let r(o) = o**3 + 4*o**2 - 4*o - 8. What is r(-4)?
8
Let g(m) = 3*m - 19. Determine g(6).
-1
Let q(d) = -d**3 - 20*d**2 - d - 23. Give q(-20).
-3
Let u(n) = -n**2 + n - 2. Calculate u(-3).
-14
Let k(i) = -3*i**2 + 22*i - 11. Calculate k(6).
13
Let i(q) = -q**3 + 4*q**2 - 4*q - 2. Give i(4).
-18
Let t(w) = 4*w - 81. Calculate t(14).
-25
Let w(o) = 11*o + 80. Calculate w(-11).
-41
Let v(f) = -9*f + 12. What is v(6)?
-42
Let a(t) = -t**3 + 19*t**2 + 42*t + 1. What is a(21)?
1
Let a(f) = 2*f**2 - 25*f + 25. What is a(12)?
13
Let j(b) = b**2 - 2*b - 9. Calculate j(-2).
-1
Let w(l) = -l**3 - 13*l**2 - 14*l - 20. What is w(-12)?
4
Let w(a) = -a - 75. What is w(0)?
-75
Let h(k) = 36*k + 3. Give h(-5).
-177
Let i(w) = w**3 + 25*w**2 + 23*w - 33. Determine i(-24).
-9
Let s(l) = -l**3 - 7*l**2 - 71*l - 396. Calculate s(-6).
-6
Let c(d) = d - 2. Calculate c(2).
0
Let r(b) = b**2 - 12*b - 11. What is r(12)?
-11
Let y(o) = 3*o + 6. Determine y(-3).
-3
Let r(n) = -n**2 - 2*n - 1. Calculate r(-4).
-9
Let k(u) = -u**3 + 12*u**2 + 15*u - 12. What is k(13)?
14
Let b(o) = -2*o**2 + 14*o - 33. Calculate b(6).
-21
Let i(u) = -5*u + 18. Determine i(-8).
58
Let y(g) = -g**3 - 4*g**2 + 4*g - 13. Give y(-5).
-8
Let r(t) = -8*t + 70. Calculate r(8).
6
Let j(i) = -i - 17. What is j(-13)?
-4
Let w(t) = -t**2 - 19*t + 555. Give w(-35).
-5
Let l(q) = -2*q - 7. Give l(-4).
1
Let z(l) = -l**3 - 5*l**2 - 5*l - 12. Calculate z(-4).
-8
Let t(r) = -r**2 - 19*r + 36. Determine t(-21).
-6
Let v(y) = 7*y - 31. What is v(4)?
-3
Let i(o) = -2*o + 9. Calculate i(7).
-5
Let y(w) = -5*w - 130. What is y(-27)?
5
Let r(g) = g**3 + 19*g**2 - 7*g - 20. Determine r(-19).
113
Let z(q) = -2*q**3 - 15*q - 15. Determine z(-1).
2
Let h(v) = 5*v - 3. Calculate h(-1).
-8
Let y(g) = -g**3 - 4*g**2 + 2*g - 18. Give y(-5).
-3
Let o(g) = 11*g**2 - 2*g + 1. Determine o(1).
10
Let o(a) = -21*a + 37. Calculate o(3).
-26
Let h(i) = -6*i**2 + 14*i - 10. What is h(3)?
-22
Let y(t) = t**3 - 58*t**2 - 61*t + 121. Give y(59).
3
Let l(m) = -2*m - 38. Calculate l(-20).
2
Let r(n) = n**3 - 2*n**2 + 5*n - 3. What is r(2)?
7
Let s(j) = -j**2 - 20*j + 102. What is s(-24)?
6
Let g(t) = -t**2 - 8*t - 8. Calculate g(-8).
-8
Let i(n) = -3*n**2 - 37*n + 21. Calculate i(-9).
111
Let c(j) = j**2 - j + 19. Determine c(0).
19
Let g(y) = 5*y**3 + 4*y - 4. Calculate g(1).
5
Let z(j) = 102*j - 93. Calculate z(1).
9
Let b(z) = -7*z - 200. Determine b(-34).
38
Let w(t) = -t**2 + 2*t + 17. Determine w(6).
-7
Let j(n) = n**3 - 2*n**2 - n + 1. What is j(-1)?
-1
Let y(b) = -2*b**2 - 30*b + 36. Give y(-17).
-32
Let w(p) = -p - 2. What is w(-7)?
5
Let h(p) = 7*p + 28. Give h(-4).
0
Let g(p) = -7*p + 319. Determine g(45).
4
Let r(b) = b**3 + 5*b**2 - 26*b - 9. What is r(-6)?
111
Let i(o) = 2*o - 9. Give i(-11).
-31
Let d(l) = -l**3 + 11*l**2 + 13*l - 13. Give d(12).
-1
Let h(s) = -s**2 + 27*s - 66. Determine h(24).
6
Let u(y) = -y**2 + 8*y - 6. What is u(6)?
6
Let q(p) = -p + 26. Calculate q(24).
2
Let m(f) = f + 3. What is m(3)?
6
Let z(n) = 15*n + 231. Give z(-16).
-9
Let l(b) = -8*b + 113. Determine l(14).
1
Let b(l) = -l**3 - 4*l**2 - 3*l - 11. What is b(-4)?
1
Let y(k) = -k**2 - 5*k. Determine y(-2).
6
Let s(h) = -2*h**2 + 4*h - 5. Calculate s(1).
-3
Let a(k) = -k**2 - 2*k + 7. Determine a(5).
-28
Let t(z) = -z**3 - 22*z**2 + 61*z - 343. Calculate t(-25).
7
Let g(f) = f - 2. What is g(3)?
1
Let p(l) = -l**2 + 17*l + 12. What is p(12)?
72
Let n(j) = -j**3 - 14*j**2 + 3*j - 17. Determine n(-14).
-59
Let o(t) = t**3 - 11*t**2 - 13*t + 5. Give o(12).
-7
Let n(d) = d - 23. What is n(5)?
-18
Let f(s) = -s + 5. Give f(3).
2
Let n(c) = c**2 + c + 102. What is n(0)?
102
Let a(f) = -f**3 + f**2 + 42*f + 9. Give a(-6).
9
Let z(b) = -2*b**3 - 3*b**2 - 2*b - 7. Calculate z(-3).
26
Let i(v) = -v**2 - 2*v + 10. Determine i(0).
10
Let c(n) = 2*n**2 - 49*n + 22. Give c(24).
-2
Let w(l) = -36*l**2 + 2*l + 1. Calculate w(-1).
-37
Let a(d) = d**2 - 7*d + 3. What is a(4)?
-9
Let z(t) = -77*t**3 + t**2 - t + 1. Calculate z(1).
-76
Let h(j) = -j**3 - 5*j**2 + 3*j - 11. Determine h(-6).
7
Let a(d) = -5*d**2 + 5*d + 3. Calculate a(4).
-57
Let o(j) = -6*j - 10. Give o(-3).
8
Let p(q) = 2*q - 13. Calculate p(27).
41
Let h(w) = w**3 - 7*w**2 - 28*w - 14. Calculate h(10).
6
Let d(t) = -t**3 - 18*t**2 + 17*t - 33. Determine d(-19).
5
Let b(w) = w**2 + 22*w - 18. Determine b(-22).
-18
Let a(q) = -q**2 - 3*q - 10. Determine a(5).
-50
Let b(c) = -c**3 - c**2 - c + 16. Determine b(0).
16
Let a(y) = 4*y**2 + 4*y + 7. Give a(-3).
31
Let r(y) = -y + 19. Determine r(10).
9
Let u(o) = -5*o - 41. Calculate u(-8).
-1
Let i(g) = -g**2 - 14*g - 39. Determine i(-8).
9
Let d(x) = x**2 - 6*x - 1. What is d(-5)?
54
Let t(l) = l**2 - 5*l - 10. Determine t(-3).
14
Let x(n) = n**2 - 7*n - 11. Determ